24*2*-4. Let a(l) = l**2 - 5*l - 10. Determine a(y).
4
Suppose 5*l = -3*l + 16. Let w(s) = 4 - 900*s - 2 - 4*s**2 + 902*s. Give w(l).
-10
Suppose 0*x + 3 = x. Let p(u) be the second derivative of u**5/20 - u**4/12 - u**3/3 - 3*u**2/2 - u. What is p(x)?
9
Let g(o) = 3*o + 9. Let c be g(-6). Let d = 11 + c. Suppose -5*u - 7 + 1 = -4*l, d*l - 6 = u. Let y(h) = h**3 - h**2 + 2*h - 1. Calculate y(u).
7
Let f(n) = 4*n**2 + 5*n + 4. Let o be 10/(-85) - 245/85. What is f(o)?
25
Let y(r) be the first derivative of -r**3/6 + 3*r**2/2 - 5*r - 6. Let n(w) be the first derivative of y(w). What is n(8)?
-5
Let f(w) = -7*w - 5. Let d(y) be the first derivative of 3*y**2 + 4*y + 1. Let o(x) = -5*d(x) - 4*f(x). Determine o(1).
-2
Let c(j) = 2*j**2 + 1. Let v(s) = s**3 + 5*s**2 + 6*s + 1. Let l be v(-4). Suppose -5*o = -18 - 27. Let w = o + l. Determine c(w).
9
Let w(u) = -u**2 + 5*u + 4. Let s(j) = -4*j - 3. Let i be 0 + 4 - 18/3. Let y be s(i). Determine w(y).
4
Let l(y) be the third derivative of 2*y**5/15 - y**4/12 + y**3/6 - 316*y**2 + 1. Let n be 5/3 + (-4)/6. Determine l(n).
7
Let c(l) be the third derivative of -l**5/60 + 3*l**4/2 - 4*l**3/3 + 82*l**2. What is c(36)?
-8
Let j(t) = t - 4. Suppose -273*v = -271*v - 16. Determine j(v).
4
Let s(n) = n**2 - 5*n - 6. Let c(x) = -x**2 + 3*x + 3. Let k(v) = -11*c(v) - 6*s(v). Let f be k(1). Let u(a) = -a**2 + 6*a - 6. What is u(f)?
-1
Suppose f - 5*f = -7*f. Suppose f = 5*s - 19 - 11. Let x(t) = t**3 - 6*t**2 - t - 1. What is x(s)?
-7
Let v(k) = 4*k - 11. Let s(c) = 5*c - 11. Let x(z) = 5*s(z) - 6*v(z). Let p = 17 - 26. Calculate x(p).
2
Let s(z) = -17*z**3 + 8*z**2 - 17*z - 5. Let m(g) = 4*g**3 - 2*g**2 + 4*g + 1. Let k(u) = 9*m(u) + 2*s(u). Suppose 10*a + 37 = 47*a. What is k(a)?
1
Let j(k) be the third derivative of k**4/12 + k**3/6 + 4*k**2. Let x be 1*-5*(4 + -5). What is j(x)?
11
Suppose 0*z + 5*z + 10 = 0. Let a(c) be the first derivative of -c**5/60 - c**4/12 - c**3 + 5. Let q(u) be the third derivative of a(u). What is q(z)?
2
Let n(d) = 5*d**3 + 4*d**2 + 5*d + 9. Let i(s) = -s**3 + s**2 + s. Let y(v) = -4*i(v) - n(v). Let c = -32 + -1. Let m = -40 - c. What is y(m)?
5
Let u(d) = -d**2 + 5*d + 14. Let l be u(7). Let w(g) = 2*g + 2 - 4*g - 3 + l*g. Determine w(1).
-3
Suppose 2*f = -2*f + 12. Suppose -15 = -3*j + 3*q, j + 3*q + 15 = -2*j. Let o(d) = j + 5*d**2 - d**f - 2*d + d - 4. Calculate o(5).
-9
Let j(k) = -k**3 - 7*k**2 - 6*k - 2. Let m(r) = r**3 + 15*r**2 - r - 14. Let a be m(-15). Let q be 0 + -12 + 5 + a. Give j(q).
-2
Suppose 2*r = n - 3 + 13, 4*n - 4*r + 20 = 0. Let o(x) be the second derivative of x**5/20 + x**4/12 + x**3/6 + 3*x. Give o(n).
0
Suppose -4*z + z + 3*g = 0, -2*g = 4*z - 30. Let m be (12/z)/(12/(-40)). Let f = 12 + m. Let v(a) = a**2 - 4*a - 3. Determine v(f).
-3
Let j(s) = s - 1. Let y be ((-5)/15)/((-2)/54). Suppose -2*l + 15 = y. Determine j(l).
2
Let d(l) = -2*l. Let f(o) = -o**2 - 8*o - 23. Let v(i) = 3*d(i) + f(i). What is v(-12)?
1
Let r(u) be the second derivative of -u**5/60 - u**4/4 - u**3/6 + 3*u**2/2 + 5*u. Let q(a) be the first derivative of r(a). Determine q(-4).
7
Let a be (-2)/(-3 - (-26)/8). Let j(i) = i**2 + 8*i - 6. Let t be j(a). Let k be (10/t)/((-6)/(-18)). Let b(s) = -s - 3. What is b(k)?
2
Let o(x) be the first derivative of 2*x - 24 - 1/2*x**2. Give o(-5).
7
Let i(k) be the second derivative of 3/2*k**2 - k - 1/2*k**3 + 0. Let t(r) = -r - 19. Let a be t(-21). What is i(a)?
-3
Let y = 372 + -369. Let l(g) = g**3 + 2*g + 1. Determine l(y).
34
Let r be 8/(-3)*(-6)/4. Suppose 16 = 2*v - 4*g, -r*g = v - g + 17. Let m(d) = 3*d - 8. Let s(i) = -2. Let w(l) = m(l) - 5*s(l). Calculate w(v).
-4
Let t(k) = -k**3 - 6*k**2 - k - 3. Suppose -3 = -3*f + 3, 0 = 3*i + 5*f - 16. Suppose v + 0*s + 18 = 4*s, i*v + 27 = 5*s. Give t(v).
3
Let l(y) = -9*y + 1. Suppose 0 = -5*q + 32 - 7. Suppose -q*h - 103 = -5*u - 38, 3*h + 4*u + 18 = 0. Let g be (-4)/h + 6/10. Calculate l(g).
-8
Let u(n) = -n**2 + 123 - 123 + n. Calculate u(-4).
-20
Let n be 18/4*(-56)/(-12) - -2. Suppose 3 = -2*a + 7. Suppose 7 = -4*b + 2*k + n, a*b - 2*k - 6 = 0. Let t(c) = -c**3 + 4*c**2 + 3*c - 3. Determine t(b).
-13
Let m(k) be the first derivative of k**2/2 + 12*k + 148. Give m(0).
12
Let x(n) = -n - 4*n**2 + 3*n**2 + 5*n - 2. Suppose 5*y - 4*u - 83 = 0, 4*u = y - 5*y + 88. Suppose -21*w = -y*w - 8. Give x(w).
-2
Let y(m) be the third derivative of -m**4/24 - 7*m**3/3 - 9*m**2 - 2*m. What is y(-14)?
0
Let x = -52 - -98. Let k(l) = x*l - 1 - 21*l - 24*l. Suppose 0 = 4*n - 9*n - 10. What is k(n)?
-3
Let o(t) be the first derivative of t**4/12 - t**3/3 - 3*t**2/2 + 3*t + 16. Let g(f) be the first derivative of o(f). Give g(4).
5
Let y = -65 + 67. Let g(n) = 8*n + 0*n**y + n**2 - 5 - 9*n - 2. What is g(5)?
13
Let c(t) = -12*t**3 - 2*t**2 + 11*t. Let o(g) = -6*g**3 - g**2 + 5*g. Let i(k) = -4*c(k) + 9*o(k). Let m = 6 - 6. Suppose m = 3*x - 6*x + 3. Give i(x).
-6
Let t(u) be the third derivative of -u**8/20160 - u**7/504 - u**6/72 + 3*u**5/20 - 8*u**2. Let l(m) be the third derivative of t(m). Calculate l(-8).
6
Let y(s) = s**3 + 6*s**2 + 8*s + 5. Suppose -81*t - 2 = -82*t. Suppose -4*m = -4*v, m = -t*v + v - 10. Determine y(m).
-10
Let v(t) be the first derivative of -t**3/3 - 3*t**2/2 + 2*t + 132. Determine v(-5).
-8
Let g(f) = 2*f**3 - 2*f**2 - f - 2. Let z be g(2). Let j(v) = -z*v + v - 2*v + 3. Let m(p) = 6*p - 4. Let x(k) = -5*j(k) - 4*m(k). Determine x(-1).
0
Let v(z) = z**3 + 5*z**2 - 3*z + 2. Suppose -15*a - 38 - 37 = 0. Calculate v(a).
17
Let r(u) = -u**2 - 5*u - 2. Let s be (-3)/(6/8) + 1. Let j be r(s). Let c(l) be the second derivative of l**3/6 - l**2/2 + 34*l + 2. Determine c(j).
3
Let b be (-6)/(-2)*(48/(-9) + 5). Let o(l) = -5*l**3 - 2*l**2 + 1. Calculate o(b).
4
Let r(g) = -g**3 - 7*g**2 - 8*g - 6. Suppose -p + 3 = -18. Suppose 2*m - 3*a + 9 = -m, 3*m = -a - p. Calculate r(m).
6
Let d(j) = 3*j**3 - j**2 + j. Suppose 0 = 16*z - 15*z - 3. Suppose 17 = g + a + 3*a, z*g - 4*a + 13 = 0. Give d(g).
3
Let y(l) = 109*l**2 - 206*l**2 + 8 + 3*l - 4*l**3 + 109*l**2. Let a(w) = -5*w**3 + 13*w**2 + 2*w + 8. Let g(u) = 5*a(u) - 6*y(u). What is g(-6)?
4
Let i(l) be the second derivative of l**3/6 - 4*l**2 + 7*l - 1. Calculate i(4).
-4
Let x(o) = o. Suppose -3*d - 28 = -25. Give x(d).
-1
Suppose -5*m - 11*m + 80 = 0. Let f(i) = -i**2 + 4*i + 11. Determine f(m).
6
Suppose -2 = 2*f - c - 5, c - 1 = f. Let b(a) = -1 - 5*a**2 - a**2 + 7*a + 10 - f - a**3. Determine b(-7).
5
Let s = -182 - -184. Let m(u) be the first derivative of u**4/2 - u**3/3 + u**2/2 - u - 2. Give m(s).
13
Let o(i) be the first derivative of -i**3/6 + 2*i**2 - 7*i + 8. Let a(k) be the first derivative of o(k). Determine a(6).
-2
Suppose -4*f - h + 6 = 21, -h = -4*f - 17. Let s = 6 + f. Let b(m) = -m - 4 + 2 + s*m - 3. What is b(6)?
1
Let z(r) be the first derivative of 4 - 3/2*r**2 + 0*r. Determine z(3).
-9
Let a be (16 - -2) + -4 + 2 + 4. Suppose q - 3*f = -a, -2*q - 35 = f - 6*f. Let k(t) = 2*t + 5. Give k(q).
-5
Suppose 686*n = 681*n. Let s(o) = 2*o**2 - 3*o - 1. What is s(n)?
-1
Let s(k) = k**2 + 3*k + 5. Let t be 3 + (1 - 3) + 3. Suppose g = 5*g + 2*g. Suppose g = -4*n - t - 12. What is s(n)?
9
Let i = 325 - 315. Let w(v) = -v**2 + 0 + 25*v - 14*v - 9. Give w(i).
1
Let o(l) = -l**2 - 3*l + 7. Suppose 34 = -3*m - 3*q + 10, m - 3*q = 4. Give o(m).
-3
Let y(m) = m**3 + 3*m**2 + m + 6. Let q(x) = -x**3 + 3*x**2 + 34*x - 45. Let f be q(7). What is y(f)?
3
Let f(m) = 7*m + 16. Let l(b) = -21*b - 49. Let r(j) = -17*f(j) - 6*l(j). Let u be r(-2). Let t(n) = -n**2 + 8*n - 3. What is t(u)?
-3
Let d(u) = 14 + 19221*u - 4 - 19230*u - u**2. Determine d(-10).
0
Let k(m) = -5*m - 4. Let f(i) = -2*i**2 + 44*i + 91. Let d be f(24). What is k(d)?
21
Let z(t) = -7*t + 73. Let x be z(10). Let s(c) = 49*c + 4*c**2 + c**2 - 46*c + c**3 - x. Give s(-3).
6
Let q(h) = 0*h**2 - 3 - 3*h - 2*h - h**2. Let g be (0/2)/(7 - 3). Let j be (-12)/(-2)*(4 + g - 5). Calculate q(j).
-9
Let w(v) be the second derivative of v**7/420 + v**6/180 - v**5/120 + v**4/12 + 5*v**3/2 - 14*v. Let t(k) be the second derivative of w(k). What is t(-2)?
-4
Let o(i) = -i - 7. Let m be o(-12). Suppose -m*h = -4*w - 18, h + 0*h + 6 = -4*w. Let n(b) = 1 + b + h*b - 5*b. What is n(4)?
-7
L